{"id":31,"date":"2012-09-09T14:07:46","date_gmt":"2012-09-09T14:07:46","guid":{"rendered":"http:\/\/studiobycaro.lu\/?page_id=31"},"modified":"2022-02-16T12:40:40","modified_gmt":"2022-02-16T12:40:40","slug":"iwwert-mech","status":"publish","type":"page","link":"http:\/\/carophoto.lu\/?page_id=31","title":{"rendered":"Iwwert mech"},"content":{"rendered":"\n<div class=\"wp-block-image is-style-rounded\"><figure class=\"alignright size-large is-resized\"><a href=\"http:\/\/carophoto.lu\/wp-content\/uploads\/2022\/02\/DSC_5589x-2.jpg\"><img fetchpriority=\"high\" decoding=\"async\" src=\"http:\/\/carophoto.lu\/wp-content\/uploads\/2022\/02\/DSC_5589x-2-494x329.jpg\" alt=\"\" class=\"wp-image-6996\" width=\"461\" height=\"307\" srcset=\"http:\/\/carophoto.lu\/wp-content\/uploads\/2022\/02\/DSC_5589x-2-494x329.jpg 494w, http:\/\/carophoto.lu\/wp-content\/uploads\/2022\/02\/DSC_5589x-2-288x192.jpg 288w, http:\/\/carophoto.lu\/wp-content\/uploads\/2022\/02\/DSC_5589x-2-768x512.jpg 768w, http:\/\/carophoto.lu\/wp-content\/uploads\/2022\/02\/DSC_5589x-2.jpg 1000w\" sizes=\"(max-width: 461px) 100vw, 461px\" \/><\/a><figcaption>Foto: Jeniska Photography<\/figcaption><\/figure><\/div>\n\n\n<p>M\u00e4in Numm ass Caroline Risch-Roemen. Ech sinn 1980 gebuer, sinn Mamm vun 3&nbsp;Kanner an hu mer am Joer 2011 e Fotostudio doheem ageriicht.<br>Vun 10\u00e8me bis 13\u00e8me war ech am Lyc\u00e9e Technique des Arts et M\u00e9tiers op der Konschtsektioun an hunn do meng Passioun fir d&#8217;Fotografie entdeckt. \u00cbnnert der Leedung vun verschiddenen Fotosproffen an no engem flotten a l\u00e9ierr\u00e4ichen Stage beim respektablen Naturfotograf Raymond Clement hunn ech villes b\u00e4igel\u00e9iert a mech \u00ebmmer r\u00ebm verbessert.<br>No engem kuerzen Ofstiecher op der Fotosschoul zu Leck, hunn ech berufflech e ganz anere Wee ageschloen a sinn 2007 fiert eicht Mamm ginn. 2009, no der Gebuert vu mengem 2. Kand hunn ech m\u00e4in Beruff un den Nol gehong a sinn s\u00e4it deem doheem, fir meng (m\u00ebttlerweil 3) Kanner grouss ze zeihen.<br>Als Ausgl\u00e4ich zu mengem Familjenalldaach hunn ech mech 2011 dozou entschloss bei mir doheem e Fotostudio anzeriichten. A s\u00e4it deem g\u00ebtt flaissech fotograf\u00e9iert.<br>Verschidden Hannergr\u00ebnn stinn mer zur Verf\u00fcgung fir flott Kanner-, B\u00e9b\u00e9-, Familjen-, Schwangerschaft- an soss Fotoen ze man. Och g\u00e4eren Dobaussen an der Natur.<br>Mat der richteger Beliichtung an an enger entspaanter Ambiance entstinn st\u00ebmmungsvoll Biller, d\u00e9i Iech nach laang Freed bereeden w\u00e4erten \ud83d\ude42<\/p>\n\n\n<div class=\"wp-block-image is-style-rounded\"><figure class=\"aligncenter size-large is-resized\"><a href=\"http:\/\/carophoto.lu\/wp-content\/uploads\/2022\/02\/DSC_2550.jpg\"><img decoding=\"async\" src=\"http:\/\/carophoto.lu\/wp-content\/uploads\/2022\/02\/DSC_2550-494x329.jpg\" alt=\"\" class=\"wp-image-6998\" width=\"516\" height=\"344\" srcset=\"http:\/\/carophoto.lu\/wp-content\/uploads\/2022\/02\/DSC_2550-494x329.jpg 494w, http:\/\/carophoto.lu\/wp-content\/uploads\/2022\/02\/DSC_2550-288x192.jpg 288w, http:\/\/carophoto.lu\/wp-content\/uploads\/2022\/02\/DSC_2550-768x511.jpg 768w, http:\/\/carophoto.lu\/wp-content\/uploads\/2022\/02\/DSC_2550.jpg 1000w\" sizes=\"(max-width: 516px) 100vw, 516px\" \/><\/a><\/figure><\/div>\n","protected":false},"excerpt":{"rendered":"<p>M\u00e4in Numm ass Caroline Risch-Roemen. Ech sinn 1980 gebuer, sinn Mamm vun 3&nbsp;Kanner an hu mer am Joer 2011 e Fotostudio doheem ageriicht.Vun 10\u00e8me bis 13\u00e8me war ech am Lyc\u00e9e Technique des Arts et M\u00e9tiers op der Konschtsektioun an hunn do meng Passioun fir d&#8217;Fotografie entdeckt. \u00cbnnert der Leedung vun verschiddenen Fotosproffen an no engem flotten a l\u00e9ierr\u00e4ichen Stage beim respektablen Naturfotograf Raymond Clement hunn ech villes b\u00e4igel\u00e9iert a mech \u00ebmmer r\u00ebm verbessert.No engem kuerzen Ofstiecher op der Fotosschoul zu Leck, hunn ech berufflech e ganz anere Wee ageschloen a sinn 2007 fiert eicht Mamm ginn. 2009, no der Gebuert vu mengem 2. Kand hunn ech m\u00e4in Beruff un den Nol gehong a sinn s\u00e4it deem doheem, fir meng (m\u00ebttlerweil 3) Kanner grouss ze zeihen.Als Ausgl\u00e4ich zu mengem Familjenalldaach hunn ech mech 2011 dozou entschloss bei mir doheem e Fotostudio anzeriichten. A s\u00e4it deem g\u00ebtt flaissech fotograf\u00e9iert.Verschidden Hannergr\u00ebnn stinn mer zur Verf\u00fcgung fir flott Kanner-, B\u00e9b\u00e9-, Familjen-, Schwangerschaft- an soss Fotoen ze man. Och g\u00e4eren Dobaussen an der Natur.Mat der richteger Beliichtung an an enger entspaanter Ambiance entstinn st\u00ebmmungsvoll Biller, d\u00e9i Iech nach laang Freed bereeden w\u00e4erten \ud83d\ude42<\/p>\n","protected":false},"author":2,"featured_media":0,"parent":0,"menu_order":1,"comment_status":"closed","ping_status":"closed","template":"","meta":{"ngg_post_thumbnail":0,"footnotes":""},"class_list":["post-31","page","type-page","status-publish","hentry"],"acf":[],"_links":{"self":[{"href":"http:\/\/carophoto.lu\/index.php?rest_route=\/wp\/v2\/pages\/31","targetHints":{"allow":["GET"]}}],"collection":[{"href":"http:\/\/carophoto.lu\/index.php?rest_route=\/wp\/v2\/pages"}],"about":[{"href":"http:\/\/carophoto.lu\/index.php?rest_route=\/wp\/v2\/types\/page"}],"author":[{"embeddable":true,"href":"http:\/\/carophoto.lu\/index.php?rest_route=\/wp\/v2\/users\/2"}],"replies":[{"embeddable":true,"href":"http:\/\/carophoto.lu\/index.php?rest_route=%2Fwp%2Fv2%2Fcomments&post=31"}],"version-history":[{"count":9,"href":"http:\/\/carophoto.lu\/index.php?rest_route=\/wp\/v2\/pages\/31\/revisions"}],"predecessor-version":[{"id":7004,"href":"http:\/\/carophoto.lu\/index.php?rest_route=\/wp\/v2\/pages\/31\/revisions\/7004"}],"wp:attachment":[{"href":"http:\/\/carophoto.lu\/index.php?rest_route=%2Fwp%2Fv2%2Fmedia&parent=31"}],"curies":[{"name":"wp","href":"https:\/\/api.w.org\/{rel}","templated":true}]}}

<div class="wp-block-image is-style-rounded"><figure class="alignright size-large is-resized"><a href="http://carophoto.lu/wp-content/uploads/2022/02/DSC_5589x-2.jpg"><img fetchpriority="high" decoding="async" src="http://carophoto.lu/wp-content/uploads/2022/02/DSC_5589x-2-494x329.jpg" alt="" class="wp-image-6996" width="461" height="307" srcset="http://carophoto.lu/wp-content/uploads/2022/02/DSC_5589x-2-494x329.jpg 494w, http://carophoto.lu/wp-content/uploads/2022/02/DSC_5589x-2-288x192.jpg 288w, http://carophoto.lu/wp-content/uploads/2022/02/DSC_5589x-2-768x512.jpg 768w, http://carophoto.lu/wp-content/uploads/2022/02/DSC_5589x-2.jpg 1000w" sizes="(max-width: 461px) 100vw, 461px" /></a><figcaption>Foto: Jeniska Photography</figcaption></figure></div>


<p>Mäin Numm ass Caroline Risch-Roemen. Ech sinn 1980 gebuer, sinn Mamm vun 3&nbsp;Kanner an hu mer am Joer 2011 e Fotostudio doheem ageriicht.<br>Vun 10ème bis 13ème war ech am Lycée Technique des Arts et Métiers op der Konschtsektioun an hunn do meng Passioun fir d&#8217;Fotografie entdeckt. Ënnert der Leedung vun verschiddenen Fotosproffen an no engem flotten a léierräichen Stage beim respektablen Naturfotograf Raymond Clement hunn ech villes bäigeléiert a mech ëmmer rëm verbessert.<br>No engem kuerzen Ofstiecher op der Fotosschoul zu Leck, hunn ech berufflech e ganz anere Wee ageschloen a sinn 2007 fiert eicht Mamm ginn. 2009, no der Gebuert vu mengem 2. Kand hunn ech mäin Beruff un den Nol gehong a sinn säit deem doheem, fir meng (mëttlerweil 3) Kanner grouss ze zeihen.<br>Als Ausgläich zu mengem Familjenalldaach hunn ech mech 2011 dozou entschloss bei mir doheem e Fotostudio anzeriichten. A säit deem gëtt flaissech fotograféiert.<br>Verschidden Hannergrënn stinn mer zur Verfügung fir flott Kanner-, Bébé-, Familjen-, Schwangerschaft- an soss Fotoen ze man. Och gäeren Dobaussen an der Natur.<br>Mat der richteger Beliichtung an an enger entspaanter Ambiance entstinn stëmmungsvoll Biller, déi Iech nach laang Freed bereeden wäerten 🙂</p>


<div class="wp-block-image is-style-rounded"><figure class="aligncenter size-large is-resized"><a href="http://carophoto.lu/wp-content/uploads/2022/02/DSC_2550.jpg"><img decoding="async" src="http://carophoto.lu/wp-content/uploads/2022/02/DSC_2550-494x329.jpg" alt="" class="wp-image-6998" width="516" height="344" srcset="http://carophoto.lu/wp-content/uploads/2022/02/DSC_2550-494x329.jpg 494w, http://carophoto.lu/wp-content/uploads/2022/02/DSC_2550-288x192.jpg 288w, http://carophoto.lu/wp-content/uploads/2022/02/DSC_2550-768x511.jpg 768w, http://carophoto.lu/wp-content/uploads/2022/02/DSC_2550.jpg 1000w" sizes="(max-width: 516px) 100vw, 516px" /></a></figure></div>

<p>Mäin Numm ass Caroline Risch-Roemen. Ech sinn 1980 gebuer, sinn Mamm vun 3&nbsp;Kanner an hu mer am Joer 2011 e Fotostudio doheem ageriicht.Vun 10ème bis 13ème war ech am Lycée Technique des Arts et Métiers op der Konschtsektioun an hunn do meng Passioun fir d&#8217;Fotografie entdeckt. Ënnert der Leedung vun verschiddenen Fotosproffen an no engem flotten a léierräichen Stage beim respektablen Naturfotograf Raymond Clement hunn ech villes bäigeléiert a mech ëmmer rëm verbessert.No engem kuerzen Ofstiecher op der Fotosschoul zu Leck, hunn ech berufflech e ganz anere Wee ageschloen a sinn 2007 fiert eicht Mamm ginn. 2009, no der Gebuert vu mengem 2. Kand hunn ech mäin Beruff un den Nol gehong a sinn säit deem doheem, fir meng (mëttlerweil 3) Kanner grouss ze zeihen.Als Ausgläich zu mengem Familjenalldaach hunn ech mech 2011 dozou entschloss bei mir doheem e Fotostudio anzeriichten. A säit deem gëtt flaissech fotograféiert.Verschidden Hannergrënn stinn mer zur Verfügung fir flott Kanner-, Bébé-, Familjen-, Schwangerschaft- an soss Fotoen ze man. Och gäeren Dobaussen an der Natur.Mat der richteger Beliichtung an an enger entspaanter Ambiance entstinn stëmmungsvoll Biller, déi Iech nach laang Freed bereeden wäerten 🙂</p>
